{"id":1952,"date":"2025-01-02T18:56:42","date_gmt":"2025-01-02T21:56:42","guid":{"rendered":"https:\/\/icb.utalca.cl\/?page_id=1952"},"modified":"2025-01-02T19:37:49","modified_gmt":"2025-01-02T22:37:49","slug":"minors-disciplinares","status":"publish","type":"page","link":"https:\/\/bioinformatica.utalca.cl\/?page_id=1952","title":{"rendered":"Minors disciplinares"},"content":{"rendered":"\t\t<div data-elementor-type=\"wp-page\" data-elementor-id=\"1952\" class=\"elementor elementor-1952\">\n\t\t\t\t\t\t<section class=\"elementor-section elementor-top-section elementor-element elementor-element-1d630d5 elementor-section-boxed elementor-section-height-default elementor-section-height-default\" data-id=\"1d630d5\" data-element_type=\"section\" data-e-type=\"section\">\n\t\t\t\t\t\t<div class=\"elementor-container elementor-column-gap-default\">\n\t\t\t\t\t<div class=\"elementor-column elementor-col-100 elementor-top-column elementor-element elementor-element-5f3c3f4\" data-id=\"5f3c3f4\" data-element_type=\"column\" data-e-type=\"column\">\n\t\t\t<div class=\"elementor-widget-wrap\">\n\t\t\t\t\t\t\t<\/div>\n\t\t<\/div>\n\t\t\t\t\t<\/div>\n\t\t<\/section>\n\t\t\t\t<section class=\"elementor-section elementor-top-section elementor-element elementor-element-3494ccd elementor-section-boxed elementor-section-height-default elementor-section-height-default\" data-id=\"3494ccd\" data-element_type=\"section\" data-e-type=\"section\">\n\t\t\t\t\t\t<div class=\"elementor-container elementor-column-gap-default\">\n\t\t\t\t\t<div class=\"elementor-column elementor-col-100 elementor-top-column elementor-element elementor-element-1620a5d\" data-id=\"1620a5d\" data-element_type=\"column\" data-e-type=\"column\">\n\t\t\t<div class=\"elementor-widget-wrap elementor-element-populated\">\n\t\t\t\t\t\t<div class=\"elementor-element elementor-element-677d299 elementor-widget elementor-widget-heading\" data-id=\"677d299\" data-element_type=\"widget\" data-e-type=\"widget\" data-widget_type=\"heading.default\">\n\t\t\t\t<div class=\"elementor-widget-container\">\n\t\t\t\t\t<h1 class=\"elementor-heading-title elementor-size-default\">Minor Disciplinares<\/h1>\t\t\t\t<\/div>\n\t\t\t\t<\/div>\n\t\t\t\t\t<\/div>\n\t\t<\/div>\n\t\t\t\t\t<\/div>\n\t\t<\/section>\n\t\t\t\t<section class=\"elementor-section elementor-top-section elementor-element elementor-element-86c1f43 elementor-section-boxed elementor-section-height-default elementor-section-height-default\" data-id=\"86c1f43\" data-element_type=\"section\" data-e-type=\"section\">\n\t\t\t\t\t\t<div class=\"elementor-container elementor-column-gap-default\">\n\t\t\t\t\t<div class=\"elementor-column elementor-col-100 elementor-top-column elementor-element elementor-element-a9eea95\" data-id=\"a9eea95\" data-element_type=\"column\" data-e-type=\"column\">\n\t\t\t<div class=\"elementor-widget-wrap elementor-element-populated\">\n\t\t\t\t\t\t<div class=\"elementor-element elementor-element-1336a19 elementor-widget-divider--view-line elementor-widget elementor-widget-divider\" data-id=\"1336a19\" data-element_type=\"widget\" data-e-type=\"widget\" data-widget_type=\"divider.default\">\n\t\t\t\t<div class=\"elementor-widget-container\">\n\t\t\t\t\t\t\t<div class=\"elementor-divider\">\n\t\t\t<span class=\"elementor-divider-separator\">\n\t\t\t\t\t\t<\/span>\n\t\t<\/div>\n\t\t\t\t\t\t<\/div>\n\t\t\t\t<\/div>\n\t\t\t\t\t<\/div>\n\t\t<\/div>\n\t\t\t\t\t<\/div>\n\t\t<\/section>\n\t\t\t\t<section class=\"elementor-section elementor-top-section elementor-element elementor-element-a9cb48f elementor-section-boxed elementor-section-height-default elementor-section-height-default\" data-id=\"a9cb48f\" data-element_type=\"section\" data-e-type=\"section\">\n\t\t\t\t\t\t<div class=\"elementor-container elementor-column-gap-default\">\n\t\t\t\t\t<div class=\"elementor-column elementor-col-100 elementor-top-column elementor-element elementor-element-7aef5dc\" data-id=\"7aef5dc\" data-element_type=\"column\" data-e-type=\"column\">\n\t\t\t<div class=\"elementor-widget-wrap elementor-element-populated\">\n\t\t\t\t\t\t<div class=\"elementor-element elementor-element-140b3e4 elementor-widget elementor-widget-text-editor\" data-id=\"140b3e4\" data-element_type=\"widget\" data-e-type=\"widget\" data-widget_type=\"text-editor.default\">\n\t\t\t\t<div class=\"elementor-widget-container\">\n\t\t\t\t\t\t\t\t\t<p>Un <strong>Minor Disciplinar<\/strong> es una especializaci\u00f3n acad\u00e9mica que permite a las y los estudiantes profundizar en \u00e1reas espec\u00edficas dentro de su formaci\u00f3n profesional, desarrollando competencias avanzadas que complementan y potencian su carrera principal. En la carrera de Ingenier\u00eda Civil en Bioinform\u00e1tica, los minors disciplinares est\u00e1n dise\u00f1ados para abordar campos clave como la simulaci\u00f3n molecular, la gen\u00f3mica integrativa y la administraci\u00f3n de sistemas y desarrollo de software.<\/p><h3>Caracter\u00edsticas principales:<\/h3><ol><\/ol><ul><li><strong>Profundizaci\u00f3n tem\u00e1tica:<\/strong> Cada minor ofrece un enfoque especializado en una disciplina particular, permitiendo a las y los estudiantes desarrollar habilidades t\u00e9cnicas y te\u00f3ricas en \u00e1reas de alto impacto.<\/li><li><b>I<\/b><strong>nterdisciplinariedad:<\/strong> Integran conocimientos de biolog\u00eda, inform\u00e1tica, qu\u00edmica, matem\u00e1ticas y tecnolog\u00edas computacionales para abordar problem\u00e1ticas complejas de manera innovadora.<\/li><li><p><strong>Metodolog\u00eda pr\u00e1ctica:<\/strong> Los minors se enfocan en el aprendizaje basado en proyectos, resoluci\u00f3n de problemas reales y el uso de herramientas de \u00faltima generaci\u00f3n, fomentando el pensamiento cr\u00edtico y la innovaci\u00f3n.<strong><\/strong><\/p><\/li><li><strong>Conexi\u00f3n con la industria y la investigaci\u00f3n: <\/strong>Preparan a las y los estudiantes para destacarse en sectores cient\u00edficos, tecnol\u00f3gicos y productivos, generando soluciones aplicables a contextos biotecnol\u00f3gicos, biom\u00e9dicos y computacionales.<\/li><\/ul><ol><\/ol><h3>Beneficios:<\/h3><ul><li><strong>Adaptabilidad:<\/strong> Los minors ampl\u00edan el perfil profesional, habilitando la participaci\u00f3n en proyectos interdisciplinarios y de alta especializaci\u00f3n.<\/li><li><strong>Innovaci\u00f3n:<\/strong> Fomentan la creatividad y la resoluci\u00f3n de problemas complejos mediante la integraci\u00f3n de metodolog\u00edas modernas y tecnolog\u00edas avanzadas.<\/li><li><strong>Impacto profesional:<\/strong> Preparan a las y los estudiantes para enfrentar desaf\u00edos emergentes en biomedicina, bioinform\u00e1tica, tecnolog\u00eda de la informaci\u00f3n y ciencias computacionales.<\/li><\/ul>\t\t\t\t\t\t\t\t<\/div>\n\t\t\t\t<\/div>\n\t\t\t\t\t<\/div>\n\t\t<\/div>\n\t\t\t\t\t<\/div>\n\t\t<\/section>\n\t\t\t\t<section class=\"elementor-section elementor-top-section elementor-element elementor-element-00a5d11 elementor-section-boxed elementor-section-height-default elementor-section-height-default\" data-id=\"00a5d11\" data-element_type=\"section\" data-e-type=\"section\">\n\t\t\t\t\t\t<div class=\"elementor-container elementor-column-gap-default\">\n\t\t\t\t\t<div class=\"elementor-column elementor-col-100 elementor-top-column elementor-element elementor-element-48af0c2\" data-id=\"48af0c2\" data-element_type=\"column\" data-e-type=\"column\">\n\t\t\t<div class=\"elementor-widget-wrap elementor-element-populated\">\n\t\t\t\t\t\t<div class=\"elementor-element elementor-element-748bdb7 elementor-widget-divider--view-line elementor-widget elementor-widget-divider\" data-id=\"748bdb7\" data-element_type=\"widget\" data-e-type=\"widget\" data-widget_type=\"divider.default\">\n\t\t\t\t<div class=\"elementor-widget-container\">\n\t\t\t\t\t\t\t<div class=\"elementor-divider\">\n\t\t\t<span class=\"elementor-divider-separator\">\n\t\t\t\t\t\t<\/span>\n\t\t<\/div>\n\t\t\t\t\t\t<\/div>\n\t\t\t\t<\/div>\n\t\t\t\t\t<\/div>\n\t\t<\/div>\n\t\t\t\t\t<\/div>\n\t\t<\/section>\n\t\t\t\t<section class=\"elementor-section elementor-top-section elementor-element elementor-element-515b381 elementor-section-boxed elementor-section-height-default elementor-section-height-default\" data-id=\"515b381\" data-element_type=\"section\" data-e-type=\"section\">\n\t\t\t\t\t\t<div class=\"elementor-container elementor-column-gap-default\">\n\t\t\t\t\t<div class=\"elementor-column elementor-col-100 elementor-top-column elementor-element elementor-element-d25698e\" data-id=\"d25698e\" data-element_type=\"column\" data-e-type=\"column\">\n\t\t\t<div class=\"elementor-widget-wrap elementor-element-populated\">\n\t\t\t\t\t\t<div class=\"elementor-element elementor-element-388eac5 elementor-widget elementor-widget-heading\" data-id=\"388eac5\" data-element_type=\"widget\" data-e-type=\"widget\" data-widget_type=\"heading.default\">\n\t\t\t\t<div class=\"elementor-widget-container\">\n\t\t\t\t\t<h2 class=\"elementor-heading-title elementor-size-default\">Minor de Simulaci\u00f3n Molecular<\/h2>\t\t\t\t<\/div>\n\t\t\t\t<\/div>\n\t\t\t\t\t<\/div>\n\t\t<\/div>\n\t\t\t\t\t<\/div>\n\t\t<\/section>\n\t\t\t\t<section class=\"elementor-section elementor-top-section elementor-element elementor-element-5d9546e elementor-section-boxed elementor-section-height-default elementor-section-height-default\" data-id=\"5d9546e\" data-element_type=\"section\" data-e-type=\"section\">\n\t\t\t\t\t\t<div class=\"elementor-container elementor-column-gap-default\">\n\t\t\t\t\t<div class=\"elementor-column elementor-col-100 elementor-top-column elementor-element elementor-element-39af887\" data-id=\"39af887\" data-element_type=\"column\" data-e-type=\"column\">\n\t\t\t<div class=\"elementor-widget-wrap elementor-element-populated\">\n\t\t\t\t\t\t<div class=\"elementor-element elementor-element-6636ae5 elementor-widget elementor-widget-text-editor\" data-id=\"6636ae5\" data-element_type=\"widget\" data-e-type=\"widget\" data-widget_type=\"text-editor.default\">\n\t\t\t\t<div class=\"elementor-widget-container\">\n\t\t\t\t\t\t\t\t\t<p>El Minor en Simulaci\u00f3n Molecular de la carrera de Ingenier\u00eda Civil en Bioinform\u00e1tica de la Universidad de Talca est\u00e1 dise\u00f1ado para formar especialistas en el modelado y an\u00e1lisis computacional de sistemas qu\u00edmicos y biol\u00f3gicos. A trav\u00e9s de m\u00f3dulos como Biomedicina y Biofarmac\u00e9utica, Dise\u00f1o Asistido por Computador de Mol\u00e9culas Bioactivas, Simulaci\u00f3n Molecular Avanzada y el Taller Aplicado de Simulaci\u00f3n Molecular, las y los estudiantes desarrollan competencias para:<\/p><ul><li>Modelar interacciones moleculares y din\u00e1micas macromoleculares.<\/li><li>Dise\u00f1ar f\u00e1rmacos y nanopart\u00edculas con aplicaciones en biomedicina y biotecnolog\u00eda.<\/li><li>Implementar herramientas computacionales de \u00faltima generaci\u00f3n para resolver problem\u00e1ticas complejas.<\/li><\/ul><p>Con un enfoque pr\u00e1ctico y basado en proyectos, este minor integra conceptos de qu\u00edmica computacional, biolog\u00eda computacional y t\u00e9cnicas avanzadas de simulaci\u00f3n molecular, preparando a las y los futuros profesionales para enfrentar desaf\u00edos cient\u00edficos y tecnol\u00f3gicos en investigaci\u00f3n, farmacolog\u00eda e industria biotecnol\u00f3gica.<\/p>\t\t\t\t\t\t\t\t<\/div>\n\t\t\t\t<\/div>\n\t\t\t\t\t<\/div>\n\t\t<\/div>\n\t\t\t\t\t<\/div>\n\t\t<\/section>\n\t\t\t\t<section class=\"elementor-section elementor-top-section elementor-element elementor-element-55d532e elementor-section-boxed elementor-section-height-default elementor-section-height-default\" data-id=\"55d532e\" data-element_type=\"section\" data-e-type=\"section\">\n\t\t\t\t\t\t<div class=\"elementor-container elementor-column-gap-default\">\n\t\t\t\t\t<div class=\"elementor-column elementor-col-100 elementor-top-column elementor-element elementor-element-3d3e80e\" data-id=\"3d3e80e\" data-element_type=\"column\" data-e-type=\"column\">\n\t\t\t<div class=\"elementor-widget-wrap elementor-element-populated\">\n\t\t\t\t\t\t<div class=\"elementor-element elementor-element-b383588 elementor-widget-divider--view-line elementor-widget elementor-widget-divider\" data-id=\"b383588\" data-element_type=\"widget\" data-e-type=\"widget\" data-widget_type=\"divider.default\">\n\t\t\t\t<div class=\"elementor-widget-container\">\n\t\t\t\t\t\t\t<div class=\"elementor-divider\">\n\t\t\t<span class=\"elementor-divider-separator\">\n\t\t\t\t\t\t<\/span>\n\t\t<\/div>\n\t\t\t\t\t\t<\/div>\n\t\t\t\t<\/div>\n\t\t\t\t\t<\/div>\n\t\t<\/div>\n\t\t\t\t\t<\/div>\n\t\t<\/section>\n\t\t\t\t<section class=\"elementor-section elementor-top-section elementor-element elementor-element-38bd3f4 elementor-section-boxed elementor-section-height-default elementor-section-height-default\" data-id=\"38bd3f4\" data-element_type=\"section\" data-e-type=\"section\">\n\t\t\t\t\t\t<div class=\"elementor-container elementor-column-gap-default\">\n\t\t\t\t\t<div class=\"elementor-column elementor-col-100 elementor-top-column elementor-element elementor-element-8b2f2bb\" data-id=\"8b2f2bb\" data-element_type=\"column\" data-e-type=\"column\">\n\t\t\t<div class=\"elementor-widget-wrap elementor-element-populated\">\n\t\t\t\t\t\t<div class=\"elementor-element elementor-element-80b14d3 elementor-widget elementor-widget-heading\" data-id=\"80b14d3\" data-element_type=\"widget\" data-e-type=\"widget\" data-widget_type=\"heading.default\">\n\t\t\t\t<div class=\"elementor-widget-container\">\n\t\t\t\t\t<h2 class=\"elementor-heading-title elementor-size-default\">Gen\u00f3mica Integrativa<\/h2>\t\t\t\t<\/div>\n\t\t\t\t<\/div>\n\t\t\t\t\t<\/div>\n\t\t<\/div>\n\t\t\t\t\t<\/div>\n\t\t<\/section>\n\t\t\t\t<section class=\"elementor-section elementor-top-section elementor-element elementor-element-99d5b94 elementor-section-boxed elementor-section-height-default elementor-section-height-default\" data-id=\"99d5b94\" data-element_type=\"section\" data-e-type=\"section\">\n\t\t\t\t\t\t<div class=\"elementor-container elementor-column-gap-default\">\n\t\t\t\t\t<div class=\"elementor-column elementor-col-100 elementor-top-column elementor-element elementor-element-d0d3fa4\" data-id=\"d0d3fa4\" data-element_type=\"column\" data-e-type=\"column\">\n\t\t\t<div class=\"elementor-widget-wrap elementor-element-populated\">\n\t\t\t\t\t\t<div class=\"elementor-element elementor-element-a1d18cf elementor-widget elementor-widget-text-editor\" data-id=\"a1d18cf\" data-element_type=\"widget\" data-e-type=\"widget\" data-widget_type=\"text-editor.default\">\n\t\t\t\t<div class=\"elementor-widget-container\">\n\t\t\t\t\t\t\t\t\t<p>El Minor en Gen\u00f3mica Integrativa de la carrera de Ingenier\u00eda Civil en Bioinform\u00e1tica de la Universidad de Talca est\u00e1 dise\u00f1ado para formar profesionales con habilidades avanzadas en el an\u00e1lisis y comprensi\u00f3n de datos gen\u00f3micos. A trav\u00e9s de m\u00f3dulos especializados como <em>Evoluci\u00f3n Molecular<\/em>, <em>Biolog\u00eda de Sistemas<\/em>, <em>Gen\u00f3mica Funcional y Metagen\u00f3mica<\/em>, y el <em>Taller \u00d3mics<\/em>, este minor permite:<\/p><ul><li>Analizar y ensamblar genomas utilizando tecnolog\u00edas de secuenciaci\u00f3n y bioinform\u00e1tica avanzada.<\/li><li>Integrar datos \u00f3micos para resolver problem\u00e1ticas en biomedicina, biotecnolog\u00eda y medio ambiente.<\/li><li>Aplicar m\u00e9todos computacionales y experimentales para comprender la estructura y funci\u00f3n de genes y prote\u00ednas.<\/li><\/ul><p>Con un enfoque pr\u00e1ctico y basado en proyectos, el minor fomenta el pensamiento cr\u00edtico y la innovaci\u00f3n, preparando a las y los estudiantes para enfrentar desaf\u00edos cient\u00edficos y tecnol\u00f3gicos en \u00e1reas como la investigaci\u00f3n gen\u00f3mica, la biolog\u00eda de sistemas y la salud personalizada.<\/p><p><\/p>\t\t\t\t\t\t\t\t<\/div>\n\t\t\t\t<\/div>\n\t\t\t\t\t<\/div>\n\t\t<\/div>\n\t\t\t\t\t<\/div>\n\t\t<\/section>\n\t\t\t\t<section class=\"elementor-section elementor-top-section elementor-element elementor-element-11472c8 elementor-section-boxed elementor-section-height-default elementor-section-height-default\" data-id=\"11472c8\" data-element_type=\"section\" data-e-type=\"section\">\n\t\t\t\t\t\t<div class=\"elementor-container elementor-column-gap-default\">\n\t\t\t\t\t<div class=\"elementor-column elementor-col-100 elementor-top-column elementor-element elementor-element-f6fe5ed\" data-id=\"f6fe5ed\" data-element_type=\"column\" data-e-type=\"column\">\n\t\t\t<div class=\"elementor-widget-wrap elementor-element-populated\">\n\t\t\t\t\t\t<div class=\"elementor-element elementor-element-f60240e elementor-widget-divider--view-line elementor-widget elementor-widget-divider\" data-id=\"f60240e\" data-element_type=\"widget\" data-e-type=\"widget\" data-widget_type=\"divider.default\">\n\t\t\t\t<div class=\"elementor-widget-container\">\n\t\t\t\t\t\t\t<div class=\"elementor-divider\">\n\t\t\t<span class=\"elementor-divider-separator\">\n\t\t\t\t\t\t<\/span>\n\t\t<\/div>\n\t\t\t\t\t\t<\/div>\n\t\t\t\t<\/div>\n\t\t\t\t\t<\/div>\n\t\t<\/div>\n\t\t\t\t\t<\/div>\n\t\t<\/section>\n\t\t\t\t<section class=\"elementor-section elementor-top-section elementor-element elementor-element-97928cf elementor-section-boxed elementor-section-height-default elementor-section-height-default\" data-id=\"97928cf\" data-element_type=\"section\" data-e-type=\"section\">\n\t\t\t\t\t\t<div class=\"elementor-container elementor-column-gap-default\">\n\t\t\t\t\t<div class=\"elementor-column elementor-col-100 elementor-top-column elementor-element elementor-element-0f3b5f6\" data-id=\"0f3b5f6\" data-element_type=\"column\" data-e-type=\"column\">\n\t\t\t<div class=\"elementor-widget-wrap elementor-element-populated\">\n\t\t\t\t\t\t<div class=\"elementor-element elementor-element-39b56fc elementor-widget elementor-widget-heading\" data-id=\"39b56fc\" data-element_type=\"widget\" data-e-type=\"widget\" data-widget_type=\"heading.default\">\n\t\t\t\t<div class=\"elementor-widget-container\">\n\t\t\t\t\t<h2 class=\"elementor-heading-title elementor-size-default\">Administraci\u00f3n de Sistemas y Desarrollo de Software<\/h2>\t\t\t\t<\/div>\n\t\t\t\t<\/div>\n\t\t\t\t\t<\/div>\n\t\t<\/div>\n\t\t\t\t\t<\/div>\n\t\t<\/section>\n\t\t\t\t<section class=\"elementor-section elementor-top-section elementor-element elementor-element-e284924 elementor-section-boxed elementor-section-height-default elementor-section-height-default\" data-id=\"e284924\" data-element_type=\"section\" data-e-type=\"section\">\n\t\t\t\t\t\t<div class=\"elementor-container elementor-column-gap-default\">\n\t\t\t\t\t<div class=\"elementor-column elementor-col-100 elementor-top-column elementor-element elementor-element-c962e7b\" data-id=\"c962e7b\" data-element_type=\"column\" data-e-type=\"column\">\n\t\t\t<div class=\"elementor-widget-wrap elementor-element-populated\">\n\t\t\t\t\t\t<div class=\"elementor-element elementor-element-5ddcbee elementor-widget elementor-widget-text-editor\" data-id=\"5ddcbee\" data-element_type=\"widget\" data-e-type=\"widget\" data-widget_type=\"text-editor.default\">\n\t\t\t\t<div class=\"elementor-widget-container\">\n\t\t\t\t\t\t\t\t\t<p>El Minor en Administraci\u00f3n de Sistemas y Desarrollo de Software de la carrera de Ingenier\u00eda Civil en Bioinform\u00e1tica de la Universidad de Talca est\u00e1 dise\u00f1ado para formar profesionales con competencias avanzadas en la gesti\u00f3n de sistemas computacionales y el dise\u00f1o de soluciones software. A trav\u00e9s de m\u00f3dulos especializados como <em>Ingenier\u00eda de Software<\/em>, <em>Bases de Datos Avanzadas<\/em>, <em>Taller de Desarrollo de Software<\/em> y <em>Administraci\u00f3n de Sistemas<\/em>, este minor ofrece:<\/p><ul><li><strong>Gesti\u00f3n de infraestructura computacional:<\/strong> Capacitaci\u00f3n en administraci\u00f3n de sistemas operativos, redes y servicios en entornos de alto rendimiento.<\/li><li><strong>Desarrollo de aplicaciones:<\/strong> Dise\u00f1o, implementaci\u00f3n y gesti\u00f3n de proyectos inform\u00e1ticos utilizando metodolog\u00edas \u00e1giles y tradicionales.<\/li><li><strong>Bases de datos avanzadas:<\/strong> Manejo de sistemas relacionales y no relacionales para modelar, almacenar y consultar grandes vol\u00famenes de datos.<\/li><li><strong>Innovaci\u00f3n tecnol\u00f3gica:<\/strong> Uso de herramientas de \u00faltima generaci\u00f3n para resolver problemas computacionales complejos.<\/li><\/ul><p>Con un enfoque pr\u00e1ctico basado en proyectos y problemas reales, este minor prepara a las y los estudiantes para enfrentar los desaf\u00edos de la bioinform\u00e1tica y las ciencias computacionales, integrando tecnolog\u00eda, eficiencia y sostenibilidad en la gesti\u00f3n y el desarrollo de soluciones tecnol\u00f3gicas.<\/p>\t\t\t\t\t\t\t\t<\/div>\n\t\t\t\t<\/div>\n\t\t\t\t\t<\/div>\n\t\t<\/div>\n\t\t\t\t\t<\/div>\n\t\t<\/section>\n\t\t\t\t<\/div>\n\t\t","protected":false},"excerpt":{"rendered":"<p>Minor Disciplinares Un Minor Disciplinar es una especializaci\u00f3n acad\u00e9mica que permite a las y los estudiantes profundizar en \u00e1reas espec\u00edficas dentro de su formaci\u00f3n profesional, desarrollando competencias avanzadas que complementan y potencian su carrera principal. En la carrera de Ingenier\u00eda Civil en Bioinform\u00e1tica, los minors disciplinares est\u00e1n dise\u00f1ados para abordar [&hellip;]<\/p>\n","protected":false},"author":1,"featured_media":0,"parent":0,"menu_order":0,"comment_status":"closed","ping_status":"closed","template":"page-templates\/template-pagebuilder-full-width.php","meta":{"_themeisle_gutenberg_block_has_review":false,"footnotes":""},"class_list":["post-1952","page","type-page","status-publish","hentry"],"_links":{"self":[{"href":"https:\/\/bioinformatica.utalca.cl\/index.php?rest_route=\/wp\/v2\/pages\/1952","targetHints":{"allow":["GET"]}}],"collection":[{"href":"https:\/\/bioinformatica.utalca.cl\/index.php?rest_route=\/wp\/v2\/pages"}],"about":[{"href":"https:\/\/bioinformatica.utalca.cl\/index.php?rest_route=\/wp\/v2\/types\/page"}],"author":[{"embeddable":true,"href":"https:\/\/bioinformatica.utalca.cl\/index.php?rest_route=\/wp\/v2\/users\/1"}],"replies":[{"embeddable":true,"href":"https:\/\/bioinformatica.utalca.cl\/index.php?rest_route=%2Fwp%2Fv2%2Fcomments&post=1952"}],"version-history":[{"count":37,"href":"https:\/\/bioinformatica.utalca.cl\/index.php?rest_route=\/wp\/v2\/pages\/1952\/revisions"}],"predecessor-version":[{"id":2008,"href":"https:\/\/bioinformatica.utalca.cl\/index.php?rest_route=\/wp\/v2\/pages\/1952\/revisions\/2008"}],"wp:attachment":[{"href":"https:\/\/bioinformatica.utalca.cl\/index.php?rest_route=%2Fwp%2Fv2%2Fmedia&parent=1952"}],"curies":[{"name":"wp","href":"https:\/\/api.w.org\/{rel}","templated":true}]}}