{"id":1151,"date":"2020-11-10T11:46:31","date_gmt":"2020-11-10T14:46:31","guid":{"rendered":"http:\/\/icb.utalca.cl\/?page_id=1151"},"modified":"2024-06-06T18:55:31","modified_gmt":"2024-06-06T21:55:31","slug":"centro-de-alumnos","status":"publish","type":"page","link":"https:\/\/bioinformatica.utalca.cl\/?page_id=1151","title":{"rendered":"Centro de Alumnos"},"content":{"rendered":"\t\t<div data-elementor-type=\"wp-page\" data-elementor-id=\"1151\" class=\"elementor elementor-1151\">\n\t\t\t\t\t\t<section class=\"elementor-section elementor-top-section elementor-element elementor-element-74c015aa elementor-section-boxed elementor-section-height-default elementor-section-height-default\" data-id=\"74c015aa\" data-element_type=\"section\" data-e-type=\"section\" data-settings=\"{&quot;background_background&quot;:&quot;gradient&quot;}\">\n\t\t\t\t\t\t<div class=\"elementor-container elementor-column-gap-default\">\n\t\t\t\t\t<div class=\"elementor-column elementor-col-100 elementor-top-column elementor-element elementor-element-60171464\" data-id=\"60171464\" data-element_type=\"column\" data-e-type=\"column\">\n\t\t\t<div class=\"elementor-widget-wrap elementor-element-populated\">\n\t\t\t\t\t\t<div class=\"elementor-element elementor-element-272156ad elementor-widget elementor-widget-heading\" data-id=\"272156ad\" data-element_type=\"widget\" data-e-type=\"widget\" data-widget_type=\"heading.default\">\n\t\t\t\t<div class=\"elementor-widget-container\">\n\t\t\t\t\t<h2 class=\"elementor-heading-title elementor-size-default\">Centro de Alumnos<\/h2>\t\t\t\t<\/div>\n\t\t\t\t<\/div>\n\t\t\t\t\t<\/div>\n\t\t<\/div>\n\t\t\t\t\t<\/div>\n\t\t<\/section>\n\t\t\t\t<section class=\"elementor-section elementor-top-section elementor-element elementor-element-619216b elementor-section-boxed elementor-section-height-default elementor-section-height-default\" data-id=\"619216b\" data-element_type=\"section\" data-e-type=\"section\">\n\t\t\t\t\t\t<div class=\"elementor-container elementor-column-gap-default\">\n\t\t\t\t\t<div class=\"elementor-column elementor-col-100 elementor-top-column elementor-element elementor-element-18ddf06\" data-id=\"18ddf06\" data-element_type=\"column\" data-e-type=\"column\">\n\t\t\t<div class=\"elementor-widget-wrap elementor-element-populated\">\n\t\t\t\t\t\t<section class=\"elementor-section elementor-inner-section elementor-element elementor-element-854fa6b elementor-section-boxed elementor-section-height-default elementor-section-height-default\" data-id=\"854fa6b\" data-element_type=\"section\" data-e-type=\"section\">\n\t\t\t\t\t\t<div class=\"elementor-container elementor-column-gap-default\">\n\t\t\t\t\t<div class=\"elementor-column elementor-col-100 elementor-inner-column elementor-element elementor-element-6582b24\" data-id=\"6582b24\" data-element_type=\"column\" data-e-type=\"column\">\n\t\t\t<div class=\"elementor-widget-wrap elementor-element-populated\">\n\t\t\t\t\t\t<div class=\"elementor-element elementor-element-c6dea24 elementor-widget elementor-widget-heading\" data-id=\"c6dea24\" data-element_type=\"widget\" data-e-type=\"widget\" data-widget_type=\"heading.default\">\n\t\t\t\t<div class=\"elementor-widget-container\">\n\t\t\t\t\t<h4 class=\"elementor-heading-title elementor-size-default\">Estimados compa\u00f1eros y compa\u00f1eras,<\/h4>\t\t\t\t<\/div>\n\t\t\t\t<\/div>\n\t\t\t\t<div class=\"elementor-element elementor-element-c56fb3d elementor-widget elementor-widget-text-editor\" data-id=\"c56fb3d\" data-element_type=\"widget\" data-e-type=\"widget\" data-widget_type=\"text-editor.default\">\n\t\t\t\t<div class=\"elementor-widget-container\">\n\t\t\t\t\t\t\t\t\t<p>Primeramente les queremos dar, como Centro de Alumnos de Ingenier\u00eda Civil en Bioinform\u00e1tica (CAICB), una cari\u00f1osa bienvenida a este nuevo a\u00f1o acad\u00e9mico. Esperamos que este a\u00f1o sea un a\u00f1o de crecimiento tanto de forma personal como acad\u00e9micamente, trayendo consigo nuevas experiencias en nuestra comunidad universitaria. Sabemos que con el apoyo de ustedes lograremos las metas propuestas como CAICB.<\/p><p>En especial, para los alumnos que ingresan este a\u00f1o a la universidad, les queremos decir que es normal sentir un poco de miedo, no saber que se viene encima, tener esa visi\u00f3n que la universidad es muy distinta al colegio, y lo es, pero lo que s\u00ed es cierto es que ahora todo depende de ustedes, todo depende de su organizaci\u00f3n y dedicaci\u00f3n al estudio y esto requiere una responsabilidad que, si la toman, los har\u00e1 crecer como estudiantes y sobre todo como personas. Nadie nace sabiendo, todo es parte de un proceso que inicia con la curiosidad, si la alimentan constantemente y son responsables lograr\u00e1n grandes cosas.<\/p><p>Como Centro de alumnos de Ingenier\u00eda Civil en Bioinform\u00e1tica 2024 nos comprometemos a dar una representaci\u00f3n fiel de los intereses de los alumnos de la carrera, a mejorar la unidad de la misma, escuchar sus opiniones y ser un apoyo en todo su ciclo acad\u00e9mico de este a\u00f1o 2024.<\/p><p>(Foto)<br \/>&#8211; Primera fila de izquierda a derecha: Cristian Pavez Hormaz\u00e1bal (Presidente), Diego Nu\u00f1ez Gonzalez (vicepresidente) y Alejandro Ide Figueroa (Director de Secretar\u00edas).<br \/>&#8211; Segunda fila de izquierda a derecha: Lucciano Ducci Moreno (Sec. General), Michelle Vald\u00e9s M\u00e9ndez (Sec. Finanzas), Astrid Le\u00f3n Alvarado (Sec. Actas y Comunicaciones) Y Matias Gajardo Lara (Sec. Deportes)<br \/>&#8211; Tercera fila de izquierda a derecha: Felipe Mendez Cares (Sec. Extensi\u00f3n), Emilio V\u00e1squez Millar (Sec. Eventos) y Valery Chaparro Navarro (Sec. Sexualidad y g\u00e9nero).<\/p><div><\/div><div><\/div><div><\/div><div><b><br \/><\/b><br \/><b>CAICB 2024<\/b><\/div><p><\/p>\t\t\t\t\t\t\t\t<\/div>\n\t\t\t\t<\/div>\n\t\t\t\t\t<\/div>\n\t\t<\/div>\n\t\t\t\t\t<\/div>\n\t\t<\/section>\n\t\t\t\t<section class=\"elementor-section elementor-inner-section elementor-element elementor-element-42aa1fb elementor-section-boxed elementor-section-height-default elementor-section-height-default\" data-id=\"42aa1fb\" data-element_type=\"section\" data-e-type=\"section\">\n\t\t\t\t\t\t<div class=\"elementor-container elementor-column-gap-default\">\n\t\t\t\t\t<div class=\"elementor-column elementor-col-100 elementor-inner-column elementor-element elementor-element-9b4b1d7\" data-id=\"9b4b1d7\" data-element_type=\"column\" data-e-type=\"column\">\n\t\t\t<div class=\"elementor-widget-wrap elementor-element-populated\">\n\t\t\t\t\t\t<div class=\"elementor-element elementor-element-fe7516e elementor-widget elementor-widget-image\" data-id=\"fe7516e\" data-element_type=\"widget\" data-e-type=\"widget\" data-widget_type=\"image.default\">\n\t\t\t\t<div class=\"elementor-widget-container\">\n\t\t\t\t\t\t\t\t\t\t\t\t\t\t\t<img fetchpriority=\"high\" decoding=\"async\" width=\"750\" height=\"422\" src=\"https:\/\/bioinformatica.utalca.cl\/wp-content\/uploads\/2024\/06\/centro-alumnos-2024-1024x576.jpg\" class=\"attachment-large size-large wp-image-1875\" alt=\"\" srcset=\"https:\/\/bioinformatica.utalca.cl\/wp-content\/uploads\/2024\/06\/centro-alumnos-2024-1024x576.jpg 1024w, https:\/\/bioinformatica.utalca.cl\/wp-content\/uploads\/2024\/06\/centro-alumnos-2024-300x169.jpg 300w, https:\/\/bioinformatica.utalca.cl\/wp-content\/uploads\/2024\/06\/centro-alumnos-2024-768x432.jpg 768w, https:\/\/bioinformatica.utalca.cl\/wp-content\/uploads\/2024\/06\/centro-alumnos-2024-1536x864.jpg 1536w, https:\/\/bioinformatica.utalca.cl\/wp-content\/uploads\/2024\/06\/centro-alumnos-2024.jpg 1600w\" sizes=\"(max-width: 750px) 100vw, 750px\" \/>\t\t\t\t\t\t\t\t\t\t\t\t\t\t\t<\/div>\n\t\t\t\t<\/div>\n\t\t\t\t\t<\/div>\n\t\t<\/div>\n\t\t\t\t\t<\/div>\n\t\t<\/section>\n\t\t\t\t\t<\/div>\n\t\t<\/div>\n\t\t\t\t\t<\/div>\n\t\t<\/section>\n\t\t\t\t<section class=\"elementor-section elementor-top-section elementor-element elementor-element-5675c408 elementor-section-boxed elementor-section-height-default elementor-section-height-default\" data-id=\"5675c408\" data-element_type=\"section\" data-e-type=\"section\">\n\t\t\t\t\t\t<div class=\"elementor-container elementor-column-gap-default\">\n\t\t\t\t\t<div class=\"elementor-column elementor-col-100 elementor-top-column elementor-element elementor-element-7e3e0c09\" data-id=\"7e3e0c09\" data-element_type=\"column\" data-e-type=\"column\">\n\t\t\t<div class=\"elementor-widget-wrap elementor-element-populated\">\n\t\t\t\t\t\t<div class=\"elementor-element elementor-element-11927e28 elementor-widget-divider--view-line elementor-widget elementor-widget-divider\" data-id=\"11927e28\" data-element_type=\"widget\" data-e-type=\"widget\" data-widget_type=\"divider.default\">\n\t\t\t\t<div class=\"elementor-widget-container\">\n\t\t\t\t\t\t\t<div class=\"elementor-divider\">\n\t\t\t<span class=\"elementor-divider-separator\">\n\t\t\t\t\t\t<\/span>\n\t\t<\/div>\n\t\t\t\t\t\t<\/div>\n\t\t\t\t<\/div>\n\t\t\t\t\t<\/div>\n\t\t<\/div>\n\t\t\t\t\t<\/div>\n\t\t<\/section>\n\t\t\t\t<section class=\"elementor-section elementor-top-section elementor-element elementor-element-7f46836 elementor-section-boxed elementor-section-height-default elementor-section-height-default\" data-id=\"7f46836\" data-element_type=\"section\" data-e-type=\"section\">\n\t\t\t\t\t\t<div class=\"elementor-container elementor-column-gap-default\">\n\t\t\t\t\t<div class=\"elementor-column elementor-col-100 elementor-top-column elementor-element elementor-element-b0fd1f2\" data-id=\"b0fd1f2\" data-element_type=\"column\" data-e-type=\"column\">\n\t\t\t<div class=\"elementor-widget-wrap elementor-element-populated\">\n\t\t\t\t\t\t<div class=\"elementor-element elementor-element-fc5af2b elementor-widget elementor-widget-heading\" data-id=\"fc5af2b\" data-element_type=\"widget\" data-e-type=\"widget\" data-widget_type=\"heading.default\">\n\t\t\t\t<div class=\"elementor-widget-container\">\n\t\t\t\t\t<h2 class=\"elementor-heading-title elementor-size-default\">Noticias<\/h2>\t\t\t\t<\/div>\n\t\t\t\t<\/div>\n\t\t\t\t<div class=\"elementor-element elementor-element-17bc15b elementor-widget elementor-widget-obfx-posts-grid\" data-id=\"17bc15b\" data-element_type=\"widget\" data-e-type=\"widget\" data-widget_type=\"obfx-posts-grid.default\">\n\t\t\t\t<div class=\"elementor-widget-container\">\n\t\t\t\t\t<div class=\"obfx-grid\"><div class=\"obfx-grid-container obfx-grid-desktop-3\"><div class=\"obfx-grid-wrapper\"><article class=\"obfx-grid-col\"><div class=\"obfx-grid-col-image\" style=\"\"><a href=\"https:\/\/bioinformatica.utalca.cl\/?p=2259\" title=\"Ingenier\u00eda Civil en Bioinform\u00e1tica obtiene certificaci\u00f3n por 6 a\u00f1os y alcanza Alto Nivel de Excelencia\"><img decoding=\"async\" width=\"360\" height=\"240\" src=\"https:\/\/bioinformatica.utalca.cl\/wp-content\/uploads\/2026\/03\/certificada-bioinfo-360x240.jpeg\" class=\"img-responsive wp-post-image\" alt=\"certificada-bioinfo\" \/><\/a><\/div><div class=\"obfx-grid-col-content\">\t\t\t<h2 class=\"entry-title obfx-grid-title\">\n\t\t\t\t\t\t\t<a href=\"https:\/\/bioinformatica.utalca.cl\/?p=2259\" title=\"Ingenier\u00eda Civil en Bioinform\u00e1tica obtiene certificaci\u00f3n por 6 a\u00f1os y alcanza Alto Nivel de Excelencia\">\n\t\t\t\t\tIngenier\u00eda Civil en Bioinform\u00e1tica obtiene certificaci\u00f3n por 6 a\u00f1os y alcanza Alto Nivel de Excelencia\t\t\t\t<\/a>\n\t\t\t\t\t\t\t<\/h2>\n\t\t\t\t\t\t\t<div class=\"entry-meta obfx-grid-meta\">\n\n\t\t\t\t\t\t\t\t<span class=\"obfx-grid-categories\">\n\t\t\t\t\t\t\t\t\t<span class=\"obfx-grid-categories-item\">\n\t\t\t\t\t\t<a href=\"https:\/\/bioinformatica.utalca.cl\/?cat=1\"\n\t\t\t\t\t\t   title=\"Noticias\">\n\t\t\t\t\t\t\tNoticias\t\t\t\t\t\t<\/a>\n\t\t\t\t\t<\/span>\n\t\t\t\t\t\t\t\t<\/span>\n\t\t\t\n\t\t\t\t<\/div>\n\t\t\t\t\t\t\t<div class=\"entry-content obfx-grid-content\">\n\t\t\t\tLa certificaci\u00f3n otorgada por la Agencia Acreditadora de Chile reconoce altos est\u00e1ndares de calidad, una s\u00f3lida formaci\u00f3n y el compromiso con la mejora continua de la carrera. La carrera de&hellip;\t\t\t<\/div>\n\t\t\t<\/div><\/article><\/div><div class=\"obfx-grid-wrapper\"><article class=\"obfx-grid-col\"><div class=\"obfx-grid-col-image\" style=\"\"><a href=\"https:\/\/bioinformatica.utalca.cl\/?p=2251\" title=\"Ingenier\u00eda Civil en Bioinform\u00e1tica y Direcci\u00f3n de Innovaci\u00f3n de la Universidad de Talca visitan el Hospital de Teno para explorar colaboraci\u00f3n tecnol\u00f3gica.\"><img decoding=\"async\" width=\"360\" height=\"240\" src=\"https:\/\/bioinformatica.utalca.cl\/wp-content\/uploads\/2026\/01\/Screenshot-From-2026-01-22-15-55-10-360x240.png\" class=\"img-responsive wp-post-image\" alt=\"Screenshot From 2026-01-22 15-55-10\" \/><\/a><\/div><div class=\"obfx-grid-col-content\">\t\t\t<h2 class=\"entry-title obfx-grid-title\">\n\t\t\t\t\t\t\t<a href=\"https:\/\/bioinformatica.utalca.cl\/?p=2251\" title=\"Ingenier\u00eda Civil en Bioinform\u00e1tica y Direcci\u00f3n de Innovaci\u00f3n de la Universidad de Talca visitan el Hospital de Teno para explorar colaboraci\u00f3n tecnol\u00f3gica.\">\n\t\t\t\t\tIngenier\u00eda Civil en Bioinform\u00e1tica y Direcci\u00f3n de Innovaci\u00f3n de la Universidad de Talca visitan el Hospital de Teno para explorar colaboraci\u00f3n tecnol\u00f3gica.\t\t\t\t<\/a>\n\t\t\t\t\t\t\t<\/h2>\n\t\t\t\t\t\t\t<div class=\"entry-meta obfx-grid-meta\">\n\n\t\t\t\t\t\t\t\t<span class=\"obfx-grid-categories\">\n\t\t\t\t\t\t\t\t\t<span class=\"obfx-grid-categories-item\">\n\t\t\t\t\t\t<a href=\"https:\/\/bioinformatica.utalca.cl\/?cat=1\"\n\t\t\t\t\t\t   title=\"Noticias\">\n\t\t\t\t\t\t\tNoticias\t\t\t\t\t\t<\/a>\n\t\t\t\t\t<\/span>\n\t\t\t\t\t\t\t\t<\/span>\n\t\t\t\n\t\t\t\t<\/div>\n\t\t\t\t\t\t\t<div class=\"entry-content obfx-grid-content\">\n\t\t\t\tEn el marco de la pol\u00edtica de Vinculaci\u00f3n con el Medio de la Universidad de Talca, una delegaci\u00f3n integrada por la carrera de Ingenier\u00eda Civil en Bioinform\u00e1tica y la Direcci\u00f3n&hellip;\t\t\t<\/div>\n\t\t\t<\/div><\/article><\/div><div class=\"obfx-grid-wrapper\"><article class=\"obfx-grid-col\"><div class=\"obfx-grid-col-image\" style=\"\"><a href=\"https:\/\/bioinformatica.utalca.cl\/?p=2254\" title=\"Ingenier\u00eda Civil en Bioinform\u00e1tica conecta la academia e innovaci\u00f3n con taller \u201c\u00a1Da el Salto con la IA Generativa!\u201d\"><img loading=\"lazy\" decoding=\"async\" width=\"360\" height=\"240\" src=\"https:\/\/bioinformatica.utalca.cl\/wp-content\/uploads\/2026\/01\/Screenshot-From-2026-01-22-16-23-29-360x240.png\" class=\"img-responsive wp-post-image\" alt=\"Screenshot From 2026-01-22 16-23-29\" \/><\/a><\/div><div class=\"obfx-grid-col-content\">\t\t\t<h2 class=\"entry-title obfx-grid-title\">\n\t\t\t\t\t\t\t<a href=\"https:\/\/bioinformatica.utalca.cl\/?p=2254\" title=\"Ingenier\u00eda Civil en Bioinform\u00e1tica conecta la academia e innovaci\u00f3n con taller \u201c\u00a1Da el Salto con la IA Generativa!\u201d\">\n\t\t\t\t\tIngenier\u00eda Civil en Bioinform\u00e1tica conecta la academia e innovaci\u00f3n con taller \u201c\u00a1Da el Salto con la IA Generativa!\u201d\t\t\t\t<\/a>\n\t\t\t\t\t\t\t<\/h2>\n\t\t\t\t\t\t\t<div class=\"entry-meta obfx-grid-meta\">\n\n\t\t\t\t\t\t\t\t<span class=\"obfx-grid-categories\">\n\t\t\t\t\t\t\t\t\t<span class=\"obfx-grid-categories-item\">\n\t\t\t\t\t\t<a href=\"https:\/\/bioinformatica.utalca.cl\/?cat=1\"\n\t\t\t\t\t\t   title=\"Noticias\">\n\t\t\t\t\t\t\tNoticias\t\t\t\t\t\t<\/a>\n\t\t\t\t\t<\/span>\n\t\t\t\t\t\t\t\t<\/span>\n\t\t\t\n\t\t\t\t<\/div>\n\t\t\t\t\t\t\t<div class=\"entry-content obfx-grid-content\">\n\t\t\t\tLa Direcci\u00f3n de Innovaci\u00f3n de la Universidad de Talca, en colaboraci\u00f3n con la Universidad de Chile y la Escuela de Ingenier\u00eda Civil en Bioinform\u00e1tica, realiz\u00f3 el taller \u201c\u00a1Da el Salto&hellip;\t\t\t<\/div>\n\t\t\t<\/div><\/article><\/div><\/div><!-- .obfx-grid-container --><\/div><!-- .obfx-grid -->\t\t\t\t<\/div>\n\t\t\t\t<\/div>\n\t\t\t\t\t<\/div>\n\t\t<\/div>\n\t\t\t\t\t<\/div>\n\t\t<\/section>\n\t\t\t\t<section class=\"elementor-section elementor-top-section elementor-element elementor-element-5ea3bbe elementor-section-height-min-height elementor-section-boxed elementor-section-height-default elementor-section-items-middle\" data-id=\"5ea3bbe\" data-element_type=\"section\" data-e-type=\"section\" data-settings=\"{&quot;background_background&quot;:&quot;classic&quot;}\">\n\t\t\t\t\t\t<div class=\"elementor-container elementor-column-gap-default\">\n\t\t\t\t\t<div class=\"elementor-column elementor-col-100 elementor-top-column elementor-element elementor-element-5f33d910\" data-id=\"5f33d910\" data-element_type=\"column\" data-e-type=\"column\">\n\t\t\t<div class=\"elementor-widget-wrap elementor-element-populated\">\n\t\t\t\t\t\t<div class=\"elementor-element elementor-element-7ee58d9a elementor-widget elementor-widget-heading\" data-id=\"7ee58d9a\" data-element_type=\"widget\" data-e-type=\"widget\" data-widget_type=\"heading.default\">\n\t\t\t\t<div class=\"elementor-widget-container\">\n\t\t\t\t\t<h2 class=\"elementor-heading-title elementor-size-default\">Suscr\u00edbete con nosotros<\/h2>\t\t\t\t<\/div>\n\t\t\t\t<\/div>\n\t\t\t\t<section class=\"elementor-section elementor-inner-section elementor-element elementor-element-44d09b1 elementor-section-full_width elementor-section-height-min-height elementor-section-height-default\" data-id=\"44d09b1\" data-element_type=\"section\" data-e-type=\"section\" data-settings=\"{&quot;background_background&quot;:&quot;classic&quot;}\">\n\t\t\t\t\t\t<div class=\"elementor-container elementor-column-gap-default\">\n\t\t\t\t\t<div class=\"elementor-column elementor-col-100 elementor-inner-column elementor-element elementor-element-31eb80\" data-id=\"31eb80\" data-element_type=\"column\" data-e-type=\"column\">\n\t\t\t<div class=\"elementor-widget-wrap elementor-element-populated\">\n\t\t\t\t\t\t<div class=\"elementor-element elementor-element-d67e78e elementor-widget elementor-widget-shortcode\" data-id=\"d67e78e\" data-element_type=\"widget\" data-e-type=\"widget\" data-widget_type=\"shortcode.default\">\n\t\t\t\t<div class=\"elementor-widget-container\">\n\t\t\t\t\t\t\t<div class=\"elementor-shortcode\">[sibwp_form id=2]<\/div>\n\t\t\t\t\t\t<\/div>\n\t\t\t\t<\/div>\n\t\t\t\t\t<\/div>\n\t\t<\/div>\n\t\t\t\t\t<\/div>\n\t\t<\/section>\n\t\t\t\t\t<\/div>\n\t\t<\/div>\n\t\t\t\t\t<\/div>\n\t\t<\/section>\n\t\t\t\t<section class=\"elementor-section elementor-top-section elementor-element elementor-element-6ca1584 elementor-section-boxed elementor-section-height-default elementor-section-height-default\" data-id=\"6ca1584\" data-element_type=\"section\" data-e-type=\"section\">\n\t\t\t\t\t\t<div class=\"elementor-container elementor-column-gap-default\">\n\t\t\t\t\t<div class=\"elementor-column elementor-col-100 elementor-top-column elementor-element elementor-element-cc9d931\" data-id=\"cc9d931\" data-element_type=\"column\" data-e-type=\"column\">\n\t\t\t<div class=\"elementor-widget-wrap\">\n\t\t\t\t\t\t\t<\/div>\n\t\t<\/div>\n\t\t\t\t\t<\/div>\n\t\t<\/section>\n\t\t\t\t<\/div>\n\t\t","protected":false},"excerpt":{"rendered":"<p>Centro de Alumnos Estimados compa\u00f1eros y compa\u00f1eras, Primeramente les queremos dar, como Centro de Alumnos de Ingenier\u00eda Civil en Bioinform\u00e1tica (CAICB), una cari\u00f1osa bienvenida a este nuevo a\u00f1o acad\u00e9mico. Esperamos que este a\u00f1o sea un a\u00f1o de crecimiento tanto de forma personal como acad\u00e9micamente, trayendo consigo nuevas experiencias en nuestra [&hellip;]<\/p>\n","protected":false},"author":1,"featured_media":0,"parent":0,"menu_order":0,"comment_status":"closed","ping_status":"closed","template":"page-templates\/template-pagebuilder-full-width.php","meta":{"_themeisle_gutenberg_block_has_review":false,"footnotes":""},"class_list":["post-1151","page","type-page","status-publish","hentry"],"_links":{"self":[{"href":"https:\/\/bioinformatica.utalca.cl\/index.php?rest_route=\/wp\/v2\/pages\/1151","targetHints":{"allow":["GET"]}}],"collection":[{"href":"https:\/\/bioinformatica.utalca.cl\/index.php?rest_route=\/wp\/v2\/pages"}],"about":[{"href":"https:\/\/bioinformatica.utalca.cl\/index.php?rest_route=\/wp\/v2\/types\/page"}],"author":[{"embeddable":true,"href":"https:\/\/bioinformatica.utalca.cl\/index.php?rest_route=\/wp\/v2\/users\/1"}],"replies":[{"embeddable":true,"href":"https:\/\/bioinformatica.utalca.cl\/index.php?rest_route=%2Fwp%2Fv2%2Fcomments&post=1151"}],"version-history":[{"count":34,"href":"https:\/\/bioinformatica.utalca.cl\/index.php?rest_route=\/wp\/v2\/pages\/1151\/revisions"}],"predecessor-version":[{"id":1878,"href":"https:\/\/bioinformatica.utalca.cl\/index.php?rest_route=\/wp\/v2\/pages\/1151\/revisions\/1878"}],"wp:attachment":[{"href":"https:\/\/bioinformatica.utalca.cl\/index.php?rest_route=%2Fwp%2Fv2%2Fmedia&parent=1151"}],"curies":[{"name":"wp","href":"https:\/\/api.w.org\/{rel}","templated":true}]}}